*2 + 5*j + 3. Determine z(i).
-22
Let b(k) = 9*k**2 - 5*k - 5. Let v = -29 + 30. Let m(i) = i + 1. Let x(c) = v*b(c) + 5*m(c). Give x(-1).
9
Let u(x) = 11*x + x**2 + 327 - 164 - 160. What is u(-11)?
3
Let u(q) be the third derivative of q**5/60 - q**4/8 - q**3/2 - 2*q**2. Let m = 13 - 8. Determine u(m).
7
Suppose -5*y + 49 = 4*q - 100, 0 = 5*y - 3*q - 177. Let c(a) = 6*a**2 + 5*a - 33 - a**3 + a + y. Suppose 0 = 10*k - 75 + 5. Determine c(k).
-7
Let r(u) = -6*u**3 - 19*u**2 + 8*u + 5. Let a(h) = 8*h**3 + 25*h**2 - 9*h - 4. Let s(d) = -2*a(d) - 3*r(d). What is s(-4)?
1
Suppose 3*t + 4 = -2*m - 3*m, 3*m = -t - 4. Let h(q) be the third derivative of q**6/60 - q**5/60 - q**4/24 - q**3/6 + 60*q**2. Determine h(t).
9
Let v(l) = 0*l + 2*l + 100 + 108 - 315 + 98. Determine v(-16).
-41
Suppose 2 = 4*r - 3*r. Let u(h) = -h**2 + 3*h**2 - 2*h**2 + h**2 + r. Let p = -2 + 2. What is u(p)?
2
Let c(v) = -v**3 - 6*v**2 + 2*v + 6. Let r = 63 + -51. Let o = r - 18. Determine c(o).
-6
Suppose -q = -5*n - 21, 5 = -2*n - 3. Let d(o) = -3 - o**2 + 9*o - 10*o - 5*o - q. What is d(-5)?
1
Let t(o) = -o**2 - 8*o + 14. Suppose 5*b - 30 = 2*a, -3*a - 39*b + 44*b = 40. What is t(a)?
-6
Let g(u) = 6*u**2 - u + 1. Let s be 0/(-6*(-3)/(-6) + 6). Suppose s = -l - 5 + 6. Calculate g(l).
6
Let w(p) = -2*p**2 - 8*p. Let g(o) = -o**2 - 7*o - 1. Let i(n) = -4*g(n) + 3*w(n). Let u(h) = -5*h**3 - 1. Let k be u(-1). Determine i(k).
-12
Let y(d) = 7*d**2 + 5. Let p(q) = 8*q**2 + 6. Let j(h) = -6*p(h) + 7*y(h). What is j(-1)?
0
Let l(h) = h**2 + 6*h - 3. Let j(r) = -5*r**2 - 28*r + 14. Let x(b) = -2*j(b) - 11*l(b). Determine x(-10).
5
Let v(g) be the third derivative of -g**5/30 + 7*g**4/8 + 5*g**3/3 - 55*g**2. What is v(11)?
-1
Let o(g) be the first derivative of g**3/3 + 7*g**2/2 - 5*g - 260. Determine o(-8).
3
Suppose 4*b + 3*o = -b + 21, o - 9 = -2*b. Let d(r) = 6*r + 1 + 12 - 4 - 2*r - 5*r. What is d(b)?
3
Let j be 4/24 - 22/(-12). Let f be (-6)/(2 + (-7)/j). Let w(t) be the first derivative of t**4/4 - t**3 - 2*t**2 + 4*t + 2. Give w(f).
4
Let r(z) = 3*z + 6 - 29 + 13 - 2*z**2 + 8 + 9. Calculate r(4).
-13
Let g(h) be the first derivative of h**2/2 + 2*h - 111. Determine g(-2).
0
Let t(m) = 0*m - 3 - 3*m + 3*m + 2*m + 2*m**2. Let r(p) = -3*p**2 - p + 4. Let i(s) = 2*s. Let w be i(2). Let l(c) = w*t(c) + 3*r(c). Give l(4).
4
Let q(y) = y - 8. Suppose -5*m + 60 = 5*d, -4*d = -m + 6*m - 57. Give q(m).
1
Let m(i) be the third derivative of 0 + 1/20*i**5 - 1/12*i**4 - 1/3*i**3 + i**2 + 1/120*i**6 + 0*i. Determine m(-4).
-10
Let x(i) = -9*i**3 + i**2 + 3*i + 2. Suppose -3*r - 7*b + 11*b - 11 = 0, 3*r - 7 = -5*b. Calculate x(r).
9
Let t(p) = p**2 - 4*p. Let r = -113 - -108. Let z(o) = -o**2 + 4*o + 1. Let m(g) = r*z(g) - 4*t(g). Give m(4).
-5
Let h(c) = c**3 - 4*c**2 + c - 6. Let a = -53 - -58. Determine h(a).
24
Let p(b) = -2*b**3 + 7*b**2 - 5. Let x(u) = u**3. Let m(i) = -p(i) - 3*x(i). Give m(-7).
5
Let x be ((-56)/49)/((-4)/(-14)). Let w(b) = 2*b - 3. What is w(x)?
-11
Let j(u) = -u - 12. Let p be j(-15). Suppose 1 + 9 = 5*r, 5*g = r + 13. Let t(c) = -1 - 2*c**3 + 3*c - 4*c - 2*c**2 + 3*c**g - 3*c. Calculate t(p).
-4
Let m(w) be the first derivative of w**6/90 + w**5/40 + w**4/12 + 16*w**3/3 + 1. Let g(v) be the third derivative of m(v). Determine g(-2).
12
Suppose -3*v = 5*f - 6 + 2, 0 = -v - 5*f + 8. Let p(i) = -i**3 - i**2 + 2. Give p(v).
6
Let t(b) = b**3 - 3*b**2 + 4*b - 2. Let l be 4/3*9/6. Let h be t(l). Let j be 6/(-12) - 7/h. Let i(m) = -m**3 - 3*m**2 + 2*m - 5. What is i(j)?
3
Let w be (-6)/2 - (3 + -2). Let r(j) = 3*j + 5*j**2 + 6 - 1 - 3 + 7*j - 4*j + j**3. Calculate r(w).
-6
Let w(x) = 6*x + 26. Let i(v) = -2*v - 10. Let r(y) = 17*i(y) + 6*w(y). Give r(9).
4
Let c(w) = 3*w**2 - 1. Let j(b) = -b**2 - b - 1. Let s(u) = c(u) + 2*j(u). Let p be s(-2). Let k(g) = -4 + g - 3*g + 3*g - 2*g. What is k(p)?
-9
Let u be (17 - 5) + -19 + 4. Let x(k) = 2*k**2 + 6*k - 3. Determine x(u).
-3
Suppose 3*k - 116 = y, 5*y - 106 - 17 = -4*k. Suppose -5*c + 4*p - k = 0, 3*c + 3*p + 0 + 6 = 0. Let x(f) = -3*f - 4. Calculate x(c).
11
Let r(i) = i**3 - 8*i**2 - 4. Let h(q) = 85*q - 247. Let y be h(3). Determine r(y).
-4
Let m(k) = -k**3 + 8*k**2 + 11*k + 3. Let t(o) = 3*o**3 - 22*o**2 - 33*o - 10. Let c(i) = -17*m(i) - 6*t(i). Give c(-6).
15
Let x(w) = 3*w**3 + 3*w**2 - 4*w - 3. Let p be x(-3). Let q be 3*5/(p/(-6)). Let f(u) = u**2 - q*u - 2 - 1 - u + 7. What is f(4)?
8
Let j(w) = -w**3 - 2. Let d(n) = 2*n**2 + n - 9. Let o(i) = d(i) - 4*j(i). What is o(2)?
41
Let q(o) = -4*o**2 - 2*o + 2. Let y be q(-2). Let k = -10 - y. Let h(s) = -s - 2 - 1 + 7. Give h(k).
4
Let g(w) = 5*w**2 - w - 1. Let q be g(-1). Let c(z) be the second derivative of 12*z - z**2 + 0 - 1/6*z**3. What is c(q)?
-7
Let y(n) = 13*n**3 - 23*n**2 - 19*n + 11. Let w(d) = -8*d**3 + 12*d**2 + 10*d - 6. Let s(g) = -5*w(g) - 3*y(g). What is s(-8)?
5
Let f be -4 + (-11)/((-22)/10). Let a(x) = -7*x + 3. Give a(f).
-4
Let l(u) = -5*u**3 + 2*u + 1. Let o(s) = 3*s**2 - s. Let c be o(3). Let n = -25 + c. Calculate l(n).
4
Let l(w) = 3*w + 35. Let d be l(-12). Let q be 8/(d*2) - (10 + -13). Let g(u) be the second derivative of -5*u**4/6 - u**3/3 - u**2/2 + 3*u. Calculate g(q).
-9
Let b(r) = -r**2 - 4*r - 5. Let s be ((-612)/48 - -12)/((-3)/20). What is b(s)?
-50
Let x(r) = 23*r**3 + r**2 - 2*r + 1. Suppose 3*s + 4*q + 15 = -2*s, s - 21 = 4*q. What is x(s)?
23
Let n(c) be the first derivative of c**4/4 - c**3/3 - c**2/2 - 8*c - 958. Let y be 0/(-1 - (2 + -2)). Calculate n(y).
-8
Let j(p) = p**3 + 7*p**2 + 5*p - 8. Let h = 28 + -22. Suppose 5*k - 3*d + 2 = -0, -5*k + d = -h. Suppose -s - 16 = 4*v - k*v, 4*v - 4*s + 8 = 0. Calculate j(v).
-2
Let z(l) = -4*l + 11*l - 3*l + l + 4 + 0*l. Let t(m) = -m**2 + 2*m + 5. Let o be t(4). Determine z(o).
-11
Let f(d) be the first derivative of 3*d**2 - 5*d - 190. Give f(4).
19
Let x(q) = 11 + 0*q + 2*q - 19 - 3*q. Calculate x(7).
-15
Suppose -12*i - 2 = -50. Let y(g) = -g**3 + 5*g**2 - 2*g - 2. Calculate y(i).
6
Let j(a) be the third derivative of -1/3*a**3 + 0*a + 14*a**2 + 1/12*a**4 + 0. Determine j(7).
12
Let q(n) = 10*n - 97. Let a be q(10). Let w(b) = 4*b**3 - 2*b**2 - b - 1. Let u(p) = -p**3 + p**2. Let d(j) = -5*u(j) - w(j). Calculate d(a).
4
Suppose 5 + 5 = -2*b. Let t(f) = 2*f - 8. Let d(g) = 5*g - 3 - 4 - 3*g. Let s(x) = b*d(x) + 4*t(x). Determine s(2).
-1
Let h(i) = -i**3 - 3*i**2 - i. Let b(u) = 5*u + u + 3*u - u**2 + 5 + 2. Let j be b(7). Let m be (3/(-2))/(j/28). Give h(m).
-2
Let j(k) = -16*k - 20. Let s be j(-5). Let r(h) = 0 - 8*h - 61*h**2 - 3 + s*h**2. Give r(-3).
12
Let n(j) = -9*j - 3*j - j + 4*j. Let k(l) = -20*l + 1. Let p(i) = 6*k(i) - 13*n(i). Suppose 2*h + 3 = 13. Give p(h).
-9
Let l(o) = 5*o**2 + 11*o + 9. Suppose -2 = 2*j - 8. Let v(c) = 2*c**2 + 5*c + 4. Let z(a) = j*l(a) - 7*v(a). Calculate z(4).
7
Let m be 5/(-2)*-2 - -1. Let q = -70 - -73. Let o(s) = 49*s - 4*s**3 + 6*s**2 + q*s**3 - 46*s - 4. Give o(m).
14
Let b(k) = k**3 + 7*k**2 - 5*k + 9. Let g be (141 + -135)*2*(-4)/6. What is b(g)?
-15
Let b(i) = i - 1. Let u(y) = 5*y - 2. Let t be u(1). Suppose -13 = -5*c - t, s = -c + 1. Let l be 1 + (-5 - -3 - s). Calculate b(l).
-1
Suppose w = 2*i + 16 + 3, 0 = 6*i - 5*w + 67. Let n(a) = -2*a - 3. Determine n(i).
11
Let p(c) be the third derivative of c**5/60 - 11*c**4/24 + 23*c**3/6 + 395*c**2 - 1. Determine p(10).
13
Let t(n) = 2*n**2 - 5*n + 6. Let c(y) = -2*y**2 + 4*y - 5. Let r(z) = -5*c(z) - 4*t(z). Let l be (-2)/9*-12*3. Suppose -2 + l = 6*k. Give r(k).
3
Let w(s) = s**3 + 4*s**2 + 3*s - 2. Let r be (-517)/(-99) - 4/18. Suppose 2*j = 4*l - 6, -r*j = 5*l - 0*l + 15. Suppose o = -l*o - 3. Give w(o).
-2
Suppose -4*a - 2 = -6*a. Let j(w) = a + 0*w**2 + 45*w - 50*w - w**3 + 7*w**2. Give j(6).
7
Suppose -5*b + 45 - 125 = 0. Let k(a) = a**3 + 15*a**2 - 16*a. Determine k(b).
0
Let y be (6/(-4))/(6/(-8)). Let h be 1/(9/(-3) + 4). Let b(o) = o - 2. Let v(k) = 2*k - 7. Let i(x) = h*v(x) - 4*b(x). Give i(y).
-3
Let w(u) = u**2 + u + 2. Let q(n) = 4*n**2 + 6*n - 21. Let r(f) = q(f) - 3*w(f). What is r(-7)?
1
Let i(p) be the second derivative of p**5/60 + p**4/4 + p**3/2 - 13*p**2 + 33*p. Let m(o) be the first derivative of i(o). Calculate m(-2).
-5
Let b(l) be the second derivative 